 Calculate b(3).
-18
Let f(j) = -j**3 + 29*j**2 - 54*j - 17. Determine f(27).
-17
Let u(m) = 360*m - 44. Calculate u(1).
316
Let o(q) = -q**3 + 70*q**2 - 102*q + 1930. Give o(69).
-347
Let o(w) = -w**3 - 14*w**2 + 6*w - 54. Calculate o(-14).
-138
Let q(x) = 33*x**2 - 1618*x + 55. Calculate q(49).
6
Let z(q) = 25*q - 294. What is z(13)?
31
Let z(f) = f**2 + 26*f - 4. Give z(-23).
-73
Let r(w) = -2*w**3 - 39*w**2 - 38*w - 395. What is r(-19)?
-34
Let n(f) = f**3 + 7*f**2 + 14*f + 27. Give n(-8).
-149
Let j(v) = -9*v**2 + 12*v - 26. Calculate j(4).
-122
Let n(m) = -m**2 + 4*m + 17. What is n(7)?
-4
Let d(u) = u**2 + 472*u - 99528. Determine d(158).
12
Let t(o) = 3*o**2 - 11*o + 12. Determine t(5).
32
Let q(z) = -524*z - 8876. What is q(-17)?
32
Let a(d) = -54*d - 3565. Give a(-65).
-55
Let g(z) = 76*z - 236. What is g(3)?
-8
Let v(z) = 13*z**3 - z**2 + 2*z + 12. Calculate v(2).
116
Let f(l) = -l**3 - 56*l**2 - 7*l - 395. Give f(-56).
-3
Let c(v) = -782*v + 1567. Calculate c(2).
3
Let w(u) = 2*u**3 - 498*u**2 - 523*u + 5751. Give w(250).
1
Let z(d) = d**3 + 12*d**2 - 22*d - 10. Determine z(-12).
254
Let h(c) = -29*c**2 - 262*c - 20. What is h(-9)?
-11
Let j(m) = -418*m + 5076. What is j(12)?
60
Let t(l) = -382*l - 25210. Determine t(-66).
2
Let o(f) = f**2 - 41*f - 35. Determine o(40).
-75
Let y(w) = -32*w + 29. Determine y(7).
-195
Let f(w) = -329*w + 665. Determine f(2).
7
Let r(j) = j**3 + 15*j**2 - 51*j + 15. Give r(-18).
-39
Let o(y) = 2*y**3 + 28*y**2 - 29*y - 29. Determine o(-15).
-44
Let c(n) = -164*n + 1316. What is c(8)?
4
Let g(q) = -q + 105. Give g(-28).
133
Let d(r) = 67*r**3 + 2*r**2 + 136*r - 137. Give d(1).
68
Let v(t) = t**2 + 30*t - 288. Calculate v(-37).
-29
Let d(i) = -2*i**2 - 39*i - 185. What is d(-12)?
-5
Let c(h) = h**2 - 2416*h - 36427. What is c(-15)?
38
Let y(v) = 22*v + 310. What is y(-14)?
2
Let k(p) = 49*p - 303. Give k(6).
-9
Let g(v) = v**2 - 29*v - 3760. What is g(-49)?
62
Let x(i) = -3*i**3 + 63*i + 224. Calculate x(-4).
164
Let t(m) = -890*m + 57871. What is t(65)?
21
Let t(a) = a**3 + 4*a**2 + 4*a - 16. Determine t(-7).
-191
Let p(i) = -82*i**3 - 5*i**2 - 6*i + 11. Determine p(1).
-82
Let h(f) = 2*f**2 - 370. Calculate h(-18).
278
Let k(z) = 75*z - 157. Determine k(2).
-7
Let k(t) = -167*t - 15530. What is k(-93)?
1
Let z(s) = -58*s**2 - 219*s - 3. Give z(-4).
-55
Let h(w) = 2*w**2 + 117*w + 707. Determine h(-52).
31
Let g(b) = -15*b**3 - 3*b**2 + 4*b + 9. What is g(-2)?
109
Let q(y) = 321*y + 238. Give q(-1).
-83
Let d(b) = 2*b**3 - 115*b**2 + 52*b + 299. Give d(57).
14
Let t(d) = -d**3 - 70*d**2 + 72*d + 57. What is t(-71)?
-14
Let v(q) = -562*q - 3995. What is v(-7)?
-61
Let t(b) = 103*b + 219. What is t(8)?
1043
Let t(l) = -l**2 + 44*l + 13962. What is t(142)?
46
Let m(y) = 31*y + 665. Determine m(-23).
-48
Let i(u) = -77*u + 774. What is i(10)?
4
Let a(w) = -29*w - 3346. Determine a(-116).
18
Let q(w) = w**3 + 12*w**2 + 37*w - 12. Give q(-6).
-18
Let s(b) = 46*b - 91. Give s(-5).
-321
Let z(f) = f**2 - 9*f + 15. Give z(12).
51
Let w(i) = 11*i**2 + 71*i - 137. Give w(2).
49
Let h(d) = d**3 + 9*d**2 + 30*d - 7. Determine h(-9).
-277
Let c(v) = -v**3 - 124*v**2 + 14*v + 1749. Determine c(-124).
13
Let s(h) = 193*h + 997. Calculate s(-5).
32
Let z(g) = -g**3 - 11*g**2 + 25*g - 2. Determine z(-12).
-158
Let b(a) = 2*a**2 - 121*a + 49. What is b(60)?
-11
Let m(d) = -8457*d - 7. Determine m(0).
-7
Let z(a) = -20*a - 24. Calculate z(5).
-124
Let o(a) = -a**3 + 45*a**2 - 58*a + 465. Determine o(44).
-151
Let c(d) = d**2 + 9*d - 367. What is c(15)?
-7
Let i(j) = 26*j**2 + 109*j + 150. Give i(-2).
36
Let f(h) = 1394*h + 13886. What is f(-10)?
-54
Let i(r) = r**3 - 42*r**2 + 120*r - 107. What is i(39)?
10
Let j(q) = -713*q - 1478. Calculate j(-2).
-52
Let t(n) = -958*n + 202140. Give t(211).
2
Let k(d) = -4*d**2 - 129*d - 148. Give k(-31).
7
Let l(b) = b**3 - 6*b**2 - 37*b + 75. What is l(9)?
-15
Let x(n) = -2*n**2 - 85*n - 223. What is x(-40)?
-23
Let l(w) = w**3 - 7*w**2 + 13*w - 110. What is l(7)?
-19
Let k(x) = x**3 - 6*x**2 - 45*x + 152. Determine k(9).
-10
Let v(r) = 4*r**2 + 42*r - 13. What is v(-11)?
9
Let l(g) = -g**3 - 35*g**2 + 40*g + 138. Give l(-36).
-6
Let t(m) = -433*m + 2590. Give t(6).
-8
Let z(w) = 19*w**2 - 23*w + 63. Determine z(3).
165
Let a(o) = o**3 - 9*o**2 - 94*o + 48. Give a(15).
-12
Let y(g) = g**2 - 54*g + 340. Calculate y(6).
52
Let c(t) = t**3 + 15*t**2 + 51*t - 24. Give c(-9).
3
Let w(d) = 7*d**2 - 240*d + 137. Determine w(33).
-160
Let v(u) = -245*u + 3. Calculate v(0).
3
Let p(f) = 38*f + 1017. Give p(-26).
29
Let w(o) = -o**3 - 10*o + 11. Calculate w(2).
-17
Let k(f) = 25*f**2 - 146*f - 14. Calculate k(6).
10
Let v(l) = -61*l**2 + 23*l + 9. Give v(1).
-29
Let z(b) = 89*b + 253. Give z(-3).
-14
Let l(c) = 359*c - 50. Give l(-1).
-409
Let v(f) = -2*f**3 - 5*f**2 + 71*f - 133. Calculate v(2).
-27
Let r(y) = y**3 + 13*y**2 + 19*y + 96. What is r(-12)?
12
Let c(d) = -2*d**2 - 213*d - 993. What is c(-5)?
22
Let s(z) = -30*z - 1177. What is s(-48)?
263
Let p(y) = -30*y**2 + 1110*y + 6. What is p(37)?
6
Let a(n) = n**2 + 34*n - 1402. What is a(-58)?
-10
Let n(b) = 33*b**2 + 422*b + 331. Give n(-12).
19
Let f(x) = 11*x + 362. Determine f(-13).
219
Let b(n) = -181*n - 1681. Determine b(-9).
-52
Let y(q) = -19*q**3 - q**2 - 7*q - 2. Determine y(-2).
160
Let x(u) = u**2 - 123*u - 3535. Calculate x(147).
-7
Let o(j) = -5*j**3 + 97*j**2 + 82*j - 13. What is o(-1)?
7
Let o(i) = -i**3 + 46*i**2 - 33*i + 1578. Determine o(46).
60
Let x(v) = 2*v**3 - 6*v**2 - 127*v + 618. Give x(5).
83
Let u(y) = -4*y**2 + 15*y - 41. Give u(6).
-95
Let r(q) = -228*q + 5015. Give r(22).
-1
Let g(w) = 3*w**3 + 123*w**2 + 132*w + 472. What is g(-40)?
-8
Let c(t) = 3*t**3 + 8*t**2 + t + 5. What is c(-5)?
-175
Let z(l) = -2694*l + 16162. Determine z(6).
-2
Let n(s) = -2*s**3 + 11*s**2 + 15*s - 21. Give n(6).
33
Let f(q) = -2*q**3 + 77*q**2 - 185*q + 293. Calculate f(36).
113
Let h(p) = p**3 + 4*p**2 - 62*p + 14. Determine h(6).
2
Let x(r) = -93*r + 4755. Give x(51).
12
Let o(h) = 4*h**2 - 78*h - 438. Calculate o(24).
-6
Let s(i) = -i**3 - 9*i**2 + 650*i + 5910. Determine s(-9).
60
Let b(q) = 3*q**2 - 201*q - 8. What is b(67)?
-8
Let h(w) = -4*w**3 - 2*w**2 - 194*w + 195. What is h(1)?
-5
Let o(g) = g**3 + 8*g**2 + 7*g - 66. Give o(-10).
-336
Let r(t) = 966*t + 11599. Calculate r(-12).
7
Let n(x) = x**3 - 15*x**2 + 27*x + 22. Calculate n(10).
-208
Let j(k) = -914*k - 3113. Determine j(-4).
543
Let w(n) = -2*n**3 + 23*n**2 - 8*n - 139. What is w(10)?
81
Let f(w) = -w**3 - 3*w**2 - 73*w - 550. Give f(-6).
-4
Let s(y) = -y**3 + 11*y**2 + 5*y - 17. What is s(10)?
133
Let w(n) = -n**3 - 17*n**2 - 23*n - 113. Give w(-16).
-1
Let o(u) = -2*u - 21. Give o(-2).
-17
Let o(t) = 9*t**2 + 5*t - 92. What is o(3)?
4
Let n(f) = 650*f + 1961. Determine n(-3).
11
Let a(f) = -577*f + 37506. Give a(65).
1
Let m(b) = 3*b**2 - 237*b + 2413. Calculate m(67).
1
Let o(c) = -2*c**2 + 109*c + 3766. Determine o(-24).
-2
Let w(u) = 295*u - 1488. What is w(5)?
-13
Let l(t) = -613*t - 106068. What is l(-173)?
-19
Let v(n) = -2*n**3 + 17*n**2 + 8*n - 12. Determine v(9).
-21
Let t(h) = 66*h - 1486. Calculate t(24).
98
Let v(z) = 4214*z + 67423. Determine v(-16).
-1
Let k(a) = -3*a**3 + 83*a**2 - 133*a + 77. Calculate k(26).
-1
Let l(q) = -126*q + 3786. Give l(30).
6
Let b(t) = 3*t**3 - 28*t**2 - 26*t + 34. What is b(10)?
-26
Let p(x) = x**2 - 69*x + 1075. What is p(24)?
-5
Let q(h) = 73*h + 297. Calculate q(-4).
5
Let r(x) = -x**3 + 21*x**2 + 267*x + 122. What is r(30)?
32
Let o(t) = -3*t**3 + 10*t**2 + 28*t - 5. Determine o(-3).
82
Let f(u) = -u**3 - 14*u**2 - 31*u - 117. Determine f(-9).
-243
Let w(g) = 2*g**3 + 14*g**2 - 14*g - 13. Calculate w(-8).
-29
Let g(k) = -k**3 - 26*k**2 - 34*k + 13. What is g(-25)?
238
Let h(o) = o**2 + 34*o + 258. What is h(-8)?
50
Let a(b) = 11746*b - 23492. What is a(2)?
0
Let d(o) = o**3 - 3*o**2 - 38*o + 137. Calculate d(4).
1
Let a(m) = m**3 + 4*m**2 - 7*m + 25. Calculate a(-6).
-5
Let r(b) = -5*b**2 - 258*b - 126. What is r(-51)?
27
Let f(p) = 19*p - 248. What is f(11)?
-39
Let y(o) = -o**3 + 9*o**2 - 9*o - 14. Calculate y(6).
40
Let p(z) = 27*z - 494. Determine p(19).
19
Let x(r) = r**3 - 3*r**2 + 9*r - 27. What is x